[INFO] fetching crate interledger-btp 0.4.0...
[INFO] checking interledger-btp-0.4.0 against try#72f88fc4e9458f89516a0b8b0868f3718aec5b47 for pr-74989
[INFO] extracting crate interledger-btp 0.4.0 into /workspace/builds/worker-12/source
[INFO] validating manifest of crates.io crate interledger-btp 0.4.0 on toolchain 72f88fc4e9458f89516a0b8b0868f3718aec5b47
[INFO] running `Command { std: "/workspace/cargo-home/bin/cargo" "+72f88fc4e9458f89516a0b8b0868f3718aec5b47" "read-manifest" "--manifest-path" "Cargo.toml", kill_on_drop: false }`
[INFO] started tweaking crates.io crate interledger-btp 0.4.0
[INFO] finished tweaking crates.io crate interledger-btp 0.4.0
[INFO] tweaked toml for crates.io crate interledger-btp 0.4.0 written to /workspace/builds/worker-12/source/Cargo.toml
[INFO] running `Command { std: "/workspace/cargo-home/bin/cargo" "+72f88fc4e9458f89516a0b8b0868f3718aec5b47" "generate-lockfile" "--manifest-path" "Cargo.toml" "-Zno-index-update", kill_on_drop: false }`
[INFO] running `Command { std: "/workspace/cargo-home/bin/cargo" "+72f88fc4e9458f89516a0b8b0868f3718aec5b47" "fetch" "--locked" "--manifest-path" "Cargo.toml", kill_on_drop: false }`
[INFO] running `Command { std: "docker" "create" "-v" "/var/lib/crater-agent-workspace/builds/worker-12/target:/opt/rustwide/target:rw,Z" "-v" "/var/lib/crater-agent-workspace/builds/worker-12/source:/opt/rustwide/workdir:ro,Z" "-v" "/var/lib/crater-agent-workspace/cargo-home:/opt/rustwide/cargo-home:ro,Z" "-v" "/var/lib/crater-agent-workspace/rustup-home:/opt/rustwide/rustup-home:ro,Z" "-e" "SOURCE_DIR=/opt/rustwide/workdir" "-e" "CARGO_TARGET_DIR=/opt/rustwide/target" "-e" "CARGO_HOME=/opt/rustwide/cargo-home" "-e" "RUSTUP_HOME=/opt/rustwide/rustup-home" "-w" "/opt/rustwide/workdir" "-m" "1610612736" "--user" "0:0" "--network" "none" "rustops/crates-build-env@sha256:d92eaeed33fa75130ca1ee6c8a01d1ffb62bac859dfdfb3450e3e5d1c0146529" "/opt/rustwide/cargo-home/bin/cargo" "+72f88fc4e9458f89516a0b8b0868f3718aec5b47" "metadata" "--no-deps" "--format-version=1", kill_on_drop: false }`
[INFO] [stdout] 2e3667203b05d5727527890f9d85e02bed65bd1dd436b416a511916f6e280851
[INFO] [stderr] WARNING: Your kernel does not support swap limit capabilities or the cgroup is not mounted. Memory limited without swap.
[INFO] running `Command { std: "docker" "start" "-a" "2e3667203b05d5727527890f9d85e02bed65bd1dd436b416a511916f6e280851", kill_on_drop: false }`
[INFO] running `Command { std: "docker" "inspect" "2e3667203b05d5727527890f9d85e02bed65bd1dd436b416a511916f6e280851", kill_on_drop: false }`
[INFO] running `Command { std: "docker" "rm" "-f" "2e3667203b05d5727527890f9d85e02bed65bd1dd436b416a511916f6e280851", kill_on_drop: false }`
[INFO] [stdout] 2e3667203b05d5727527890f9d85e02bed65bd1dd436b416a511916f6e280851
[INFO] running `Command { std: "docker" "create" "-v" "/var/lib/crater-agent-workspace/builds/worker-12/target:/opt/rustwide/target:rw,Z" "-v" "/var/lib/crater-agent-workspace/builds/worker-12/source:/opt/rustwide/workdir:ro,Z" "-v" "/var/lib/crater-agent-workspace/cargo-home:/opt/rustwide/cargo-home:ro,Z" "-v" "/var/lib/crater-agent-workspace/rustup-home:/opt/rustwide/rustup-home:ro,Z" "-e" "SOURCE_DIR=/opt/rustwide/workdir" "-e" "CARGO_TARGET_DIR=/opt/rustwide/target" "-e" "CARGO_INCREMENTAL=0" "-e" "RUST_BACKTRACE=full" "-e" "RUSTFLAGS=--cap-lints=forbid" "-e" "CARGO_HOME=/opt/rustwide/cargo-home" "-e" "RUSTUP_HOME=/opt/rustwide/rustup-home" "-w" "/opt/rustwide/workdir" "-m" "1610612736" "--user" "0:0" "--network" "none" "rustops/crates-build-env@sha256:d92eaeed33fa75130ca1ee6c8a01d1ffb62bac859dfdfb3450e3e5d1c0146529" "/opt/rustwide/cargo-home/bin/cargo" "+72f88fc4e9458f89516a0b8b0868f3718aec5b47" "check" "--frozen" "--all" "--all-targets" "--message-format=json", kill_on_drop: false }`
[INFO] [stdout] 26c570b88cb0ca2bb84fd1a8df8698a7b62247a896ccf73d480bb3bfb08b10e3
[INFO] [stderr] WARNING: Your kernel does not support swap limit capabilities or the cgroup is not mounted. Memory limited without swap.
[INFO] running `Command { std: "docker" "start" "-a" "26c570b88cb0ca2bb84fd1a8df8698a7b62247a896ccf73d480bb3bfb08b10e3", kill_on_drop: false }`
[INFO] [stderr]    Compiling autocfg v1.0.1
[INFO] [stderr]    Compiling libc v0.2.77
[INFO] [stderr]     Checking cfg-if v0.1.10
[INFO] [stderr]    Compiling proc-macro2 v1.0.21
[INFO] [stderr]    Compiling unicode-xid v0.2.1
[INFO] [stderr]    Compiling syn v1.0.40
[INFO] [stderr]    Compiling serde_derive v1.0.116
[INFO] [stderr]    Compiling byteorder v1.3.4
[INFO] [stderr]    Compiling serde v1.0.116
[INFO] [stderr]     Checking futures v0.1.29
[INFO] [stderr]     Checking either v1.6.0
[INFO] [stderr]     Checking lazy_static v1.4.0
[INFO] [stderr]    Compiling log v0.4.11
[INFO] [stderr]    Compiling semver-parser v0.7.0
[INFO] [stderr]    Compiling maybe-uninit v2.0.0
[INFO] [stderr]     Checking fnv v1.0.7
[INFO] [stderr]     Checking slab v0.4.2
[INFO] [stderr]     Checking scopeguard v1.1.0
[INFO] [stderr]     Checking itoa v0.4.6
[INFO] [stderr]    Compiling pkg-config v0.3.18
[INFO] [stderr]    Compiling cc v1.0.59
[INFO] [stderr]    Compiling typenum v1.12.0
[INFO] [stderr]    Compiling version_check v0.9.2
[INFO] [stderr]    Compiling bitflags v1.2.1
[INFO] [stderr]    Compiling getrandom v0.1.15
[INFO] [stderr]     Checking tinyvec v0.3.4
[INFO] [stderr]     Checking foreign-types-shared v0.1.1
[INFO] [stderr]    Compiling openssl v0.10.30
[INFO] [stderr]     Checking matches v0.1.8
[INFO] [stderr]     Checking byte-tools v0.3.1
[INFO] [stderr]    Compiling httparse v1.3.4
[INFO] [stderr]    Compiling native-tls v0.2.4
[INFO] [stderr]     Checking openssl-probe v0.1.2
[INFO] [stderr]     Checking opaque-debug v0.2.3
[INFO] [stderr]     Checking percent-encoding v2.1.0
[INFO] [stderr]     Checking fake-simd v0.1.2
[INFO] [stderr]     Checking ppv-lite86 v0.2.9
[INFO] [stderr]     Checking hashbrown v0.9.0
[INFO] [stderr]    Compiling ryu v1.0.5
[INFO] [stderr]    Compiling serde_json v1.0.57
[INFO] [stderr]     Checking mime v0.3.16
[INFO] [stderr]     Checking regex-syntax v0.6.18
[INFO] [stderr]     Checking try-lock v0.2.3
[INFO] [stderr]     Checking dtoa v0.4.6
[INFO] [stderr]     Checking hex v0.4.2
[INFO] [stderr]     Checking quick-error v1.2.3
[INFO] [stderr]     Checking scoped-tls v1.0.0
[INFO] [stderr]     Checking urlencoding v1.1.1
[INFO] [stderr]    Compiling semver v0.9.0
[INFO] [stderr]     Checking lock_api v0.3.4
[INFO] [stderr]     Checking foreign-types v0.3.2
[INFO] [stderr]    Compiling crossbeam-utils v0.7.2
[INFO] [stderr]    Compiling memoffset v0.5.5
[INFO] [stderr]    Compiling crossbeam-epoch v0.8.2
[INFO] [stderr]    Compiling num-traits v0.2.12
[INFO] [stderr]    Compiling num-integer v0.1.43
[INFO] [stderr]    Compiling indexmap v1.6.0
[INFO] [stderr]    Compiling num-bigint v0.2.6
[INFO] [stderr]     Checking unicode-bidi v0.3.4
[INFO] [stderr]     Checking block-padding v0.1.5
[INFO] [stderr]    Compiling unicase v2.6.0
[INFO] [stderr]     Checking unicode-normalization v0.1.13
[INFO] [stderr]    Compiling rustc_version v0.2.3
[INFO] [stderr]     Checking smallvec v0.6.13
[INFO] [stderr]     Checking tokio-sync v0.1.8
[INFO] [stderr]     Checking want v0.2.0
[INFO] [stderr]     Checking stream-cancel v0.4.4
[INFO] [stderr]     Checking base64 v0.10.1
[INFO] [stderr]    Compiling parking_lot_core v0.6.2
[INFO] [stderr]    Compiling parking_lot v0.9.0
[INFO] [stderr]    Compiling hyper v0.12.35
[INFO] [stderr]    Compiling quote v1.0.7
[INFO] [stderr]     Checking iovec v0.1.4
[INFO] [stderr]     Checking num_cpus v1.13.0
[INFO] [stderr]     Checking net2 v0.2.35
[INFO] [stderr]     Checking time v0.1.44
[INFO] [stderr]    Compiling mime_guess v2.0.3
[INFO] [stderr]    Compiling openssl-sys v0.9.58
[INFO] [stderr]     Checking tokio-executor v0.1.10
[INFO] [stderr]     Checking crossbeam-queue v0.2.3
[INFO] [stderr]     Checking futures-cpupool v0.1.8
[INFO] [stderr]     Checking rand_core v0.5.1
[INFO] [stderr]     Checking idna v0.2.0
[INFO] [stderr]     Checking mio v0.6.22
[INFO] [stderr]     Checking tokio-timer v0.2.13
[INFO] [stderr]     Checking tokio-current-thread v0.1.7
[INFO] [stderr]     Checking regex v1.3.9
[INFO] [stderr]     Checking crossbeam-deque v0.7.3
[INFO] [stderr]     Checking rand_chacha v0.2.2
[INFO] [stderr]     Checking generic-array v0.12.3
[INFO] [stderr]     Checking tokio-threadpool v0.1.18
[INFO] [stderr]     Checking rand v0.7.3
[INFO] [stderr]     Checking block-buffer v0.7.3
[INFO] [stderr]     Checking digest v0.8.1
[INFO] [stderr]     Checking chrono v0.4.15
[INFO] [stderr]     Checking url v2.1.1
[INFO] [stderr]     Checking sha-1 v0.8.2
[INFO] [stderr]     Checking mio-uds v0.6.8
[INFO] [stderr]     Checking bytes v0.4.12
[INFO] [stderr]     Checking serde_urlencoded v0.6.1
[INFO] [stderr]     Checking tokio-io v0.1.13
[INFO] [stderr]     Checking http v0.1.21
[INFO] [stderr]     Checking tokio-buf v0.1.1
[INFO] [stderr]     Checking input_buffer v0.2.0
[INFO] [stderr]     Checking string v0.2.1
[INFO] [stderr]     Checking interledger-packet v0.4.0
[INFO] [stdout] error[E0308]: mismatched types
[INFO] [stdout]    --> /opt/rustwide/cargo-home/registry/src/github.com-1ecc6299db9ec823/interledger-packet-0.4.0/src/packet.rs:148:43
[INFO] [stdout]     |
[INFO] [stdout] 148 |         let expires_at = SystemTime::from(expires_at);
[INFO] [stdout]     |                                           ^^^^^^^^^^ expected struct `SystemTime`, found struct `DateTime`
[INFO] [stdout]     |
[INFO] [stdout]     = note: expected struct `SystemTime`
[INFO] [stdout]                found struct `DateTime<Utc>`
[INFO] [stdout] 
[INFO] [stdout] 
[INFO] [stdout] error[E0277]: the trait bound `DateTime<Utc>: From<SystemTime>` is not satisfied
[INFO] [stdout]    --> /opt/rustwide/cargo-home/registry/src/github.com-1ecc6299db9ec823/interledger-packet-0.4.0/src/packet.rs:196:13
[INFO] [stdout]     |
[INFO] [stdout] 196 |             DateTime::<Utc>::from(expires_at).format(INTERLEDGER_TIMESTAMP_FORMAT),
[INFO] [stdout]     |             ^^^^^^^^^^^^^^^^^^^^^ the trait `From<SystemTime>` is not implemented for `DateTime<Utc>`
[INFO] [stdout]     |
[INFO] [stdout]     = help: the following implementations were found:
[INFO] [stdout]               <DateTime<FixedOffset> as From<DateTime<Utc>>>
[INFO] [stdout]               <DateTime<Utc> as From<DateTime<FixedOffset>>>
[INFO] [stdout]     = note: required by `from`
[INFO] [stdout] 
[INFO] [stdout] 
[INFO] [stdout] error[E0599]: no method named `format` found for struct `DateTime<Utc>` in the current scope
[INFO] [stdout]    --> /opt/rustwide/cargo-home/registry/src/github.com-1ecc6299db9ec823/interledger-packet-0.4.0/src/packet.rs:196:47
[INFO] [stdout]     |
[INFO] [stdout] 196 |             DateTime::<Utc>::from(expires_at).format(INTERLEDGER_TIMESTAMP_FORMAT),
[INFO] [stdout]     |                                               ^^^^^^ method not found in `DateTime<Utc>`
[INFO] [stdout] 
[INFO] [stdout] 
[INFO] [stdout] error[E0277]: the trait bound `DateTime<Utc>: From<SystemTime>` is not satisfied
[INFO] [stdout]    --> /opt/rustwide/cargo-home/registry/src/github.com-1ecc6299db9ec823/interledger-packet-0.4.0/src/packet.rs:248:18
[INFO] [stdout]     |
[INFO] [stdout] 248 |                 &DateTime::<Utc>::from(self.expires_at()).to_rfc3339(),
[INFO] [stdout]     |                  ^^^^^^^^^^^^^^^^^^^^^ the trait `From<SystemTime>` is not implemented for `DateTime<Utc>`
[INFO] [stdout]     |
[INFO] [stdout]     = help: the following implementations were found:
[INFO] [stdout]               <DateTime<FixedOffset> as From<DateTime<Utc>>>
[INFO] [stdout]               <DateTime<Utc> as From<DateTime<FixedOffset>>>
[INFO] [stdout]     = note: required by `from`
[INFO] [stdout] 
[INFO] [stdout] 
[INFO] [stdout] error[E0599]: no method named `to_rfc3339` found for struct `DateTime<Utc>` in the current scope
[INFO] [stdout]    --> /opt/rustwide/cargo-home/registry/src/github.com-1ecc6299db9ec823/interledger-packet-0.4.0/src/packet.rs:248:59
[INFO] [stdout]     |
[INFO] [stdout] 248 |                 &DateTime::<Utc>::from(self.expires_at()).to_rfc3339(),
[INFO] [stdout]     |                                                           ^^^^^^^^^^ method not found in `DateTime<Utc>`
[INFO] [stdout] 
[INFO] [stdout] 
[INFO] [stdout] error[E0277]: the trait bound `DateTime<Utc>: From<SystemTime>` is not satisfied
[INFO] [stdout]    --> /opt/rustwide/cargo-home/registry/src/github.com-1ecc6299db9ec823/interledger-packet-0.4.0/src/packet.rs:277:13
[INFO] [stdout]     |
[INFO] [stdout] 277 |             DateTime::<Utc>::from(self.expires_at).format(INTERLEDGER_TIMESTAMP_FORMAT),
[INFO] [stdout]     |             ^^^^^^^^^^^^^^^^^^^^^ the trait `From<SystemTime>` is not implemented for `DateTime<Utc>`
[INFO] [stdout]     |
[INFO] [stdout]     = help: the following implementations were found:
[INFO] [stdout]               <DateTime<FixedOffset> as From<DateTime<Utc>>>
[INFO] [stdout]               <DateTime<Utc> as From<DateTime<FixedOffset>>>
[INFO] [stdout]     = note: required by `from`
[INFO] [stdout] 
[INFO] [stdout] 
[INFO] [stdout] error[E0599]: no method named `format` found for struct `DateTime<Utc>` in the current scope
[INFO] [stdout]    --> /opt/rustwide/cargo-home/registry/src/github.com-1ecc6299db9ec823/interledger-packet-0.4.0/src/packet.rs:277:52
[INFO] [stdout]     |
[INFO] [stdout] 277 |             DateTime::<Utc>::from(self.expires_at).format(INTERLEDGER_TIMESTAMP_FORMAT),
[INFO] [stdout]     |                                                    ^^^^^^ method not found in `DateTime<Utc>`
[INFO] [stdout] 
[INFO] [stdout] 
[INFO] [stdout] error[E0277]: the trait bound `chrono::ParseError: std::error::Error` is not satisfied
[INFO] [stdout]   --> /opt/rustwide/cargo-home/registry/src/github.com-1ecc6299db9ec823/interledger-packet-0.4.0/src/errors.rs:29:19
[INFO] [stdout]    |
[INFO] [stdout] 29 |             cause(err)
[INFO] [stdout]    |                   ^^^ the trait `std::error::Error` is not implemented for `chrono::ParseError`
[INFO] [stdout]    |
[INFO] [stdout]    = note: required for the cast to the object type `dyn std::error::Error`
[INFO] [stdout] 
[INFO] [stdout] 
[INFO] [stdout] error: aborting due to 8 previous errors
[INFO] [stdout] 
[INFO] [stdout] 
[INFO] [stdout] Some errors have detailed explanations: E0277, E0308, E0599.
[INFO] [stdout] 
[INFO] [stdout] For more information about an error, try `rustc --explain E0277`.
[INFO] [stdout] 
[INFO] [stderr] error: could not compile `interledger-packet`.
[INFO] [stderr] 
[INFO] [stderr] To learn more, run the command again with --verbose.
[INFO] [stderr] warning: build failed, waiting for other jobs to finish...
[INFO] [stderr] error: build failed
[INFO] running `Command { std: "docker" "inspect" "26c570b88cb0ca2bb84fd1a8df8698a7b62247a896ccf73d480bb3bfb08b10e3", kill_on_drop: false }`
[INFO] running `Command { std: "docker" "rm" "-f" "26c570b88cb0ca2bb84fd1a8df8698a7b62247a896ccf73d480bb3bfb08b10e3", kill_on_drop: false }`
[INFO] [stdout] 26c570b88cb0ca2bb84fd1a8df8698a7b62247a896ccf73d480bb3bfb08b10e3
